 32 - u. Calculate the remainder when r is divided by a.
4
Suppose z - 295 = -4*z. Calculate the remainder when z is divided by 204/10 + (-6)/15.
19
Suppose -26 = 3*d - 68. What is the remainder when 37 is divided by d?
9
Let v(n) = n**3 + 5*n**2 + n + 6. Let x be (-44)/8 + 1/2. Let f be v(x). What is the remainder when 23 is divided by 11*f + (-5 - -6)?
11
Let n(a) = a**3 - 3*a**2 + a + 1. Let m be n(3). Suppose -m*d + 28 = -36. Calculate the remainder when 47 is divided by d.
15
Let i be ((-4)/(-3))/(1/3). Suppose 0 = n - 5*n + 16, 5*t - n - 46 = 0. Calculate the remainder when (-368)/(-20) + i/(-10) is divided by t.
8
Let y = -2 + 1. Let a(h) = -4*h - 1. Calculate the remainder when (64/(-40))/((-2)/10) is divided by a(y).
2
Suppose -4*i = 3*r - 11, 2*i - 14 = -2*i - 2*r. Suppose k + 3 = -i. What is the remainder when 46 is divided by k/(-32) - (-47)/4?
10
Suppose 2*n - 41 = 5. Calculate the remainder when 43 is divided by n.
20
Let w = 34 - -9. Calculate the remainder when w is divided by 12.
7
Suppose -2*f - 173 + 17 = 0. What is the remainder when 38 is divided by (1/3)/((-2)/f)?
12
Suppose -4*k - 6 = -k. Let l(v) = -v - 4. Let q be l(k). Let y = 12 - q. Calculate the remainder when 26 is divided by y.
12
Suppose 3*t - 90 = -0*t. Suppose 0 = 3*u - 2*v - 102 + 48, -4*u - 2*v = -58. Calculate the remainder when t is divided by u.
14
Calculate the remainder when 174 is divided by (-16)/(-24)*210/4.
34
Let q = -23 - -16. Let m = -14 - q. Let y = 10 + m. What is the remainder when 9 is divided by y?
0
Let t be 5 + -2 - 6/(-2). Suppose -t*n + 16 = -4*n. Suppose 0 = -2*z + 3*z - 4*a - 22, 0 = 2*z + 4*a - 44. What is the remainder when z is divided by n?
6
Suppose 0 = -3*h - 0*h + 264. What is the remainder when h is divided by 30?
28
Let d = -1 + 4. Suppose 3*y - 2*i - 22 = 0, -y - i + d*i + 2 = 0. Let r(o) = 3*o**3 - 3*o**2 + 2*o + 2. Calculate the remainder when r(2) is divided by y.
8
Suppose 3*y - 22 = 5. Let p(f) = -2*f + 45. What is the remainder when y is divided by p(20)?
4
What is the remainder when 8/20 + 73/5 is divided by 6?
3
Suppose -45 = -3*n + 5*q, -5*q + 12 - 47 = -2*n. Suppose 3*w + 4*i - 14 = 0, 0 = -4*w - 4*i + n + 14. What is the remainder when 16 is divided by w?
6
Suppose -40 = 10*h - 12*h. What is the remainder when 59 is divided by h?
19
Calculate the remainder when (-1 - 5)*10*6/(-12) is divided by 8.
6
Let c be (2 - 3/2)*-2. Suppose -t - 4*t - 5*p = -100, -5*t + 120 = p. Calculate the remainder when t is divided by 1 + c + (-2 - -9).
4
Calculate the remainder when 13 is divided by (16/2 - 2) + 5.
2
Let r be (-1)/(-3 + (-184)/(-61)). Let c = -32 - r. Suppose -u - 3*i + c = 0, 6*u - 2*i - 128 = u. What is the remainder when u is divided by 9?
8
Let c(i) = 25*i + 1. Let z be c(1). Suppose x = -5*a + 24 - 2, 3*x - z = 5*a. What is the remainder when 23 is divided by x?
11
Suppose 5*p = 25, 255 = 5*j - 2*p + 7*p. Suppose 4*b = 5*a + 125, a - 27 + 7 = -b. Let k = -9 + b. What is the remainder when j is divided by k?
14
Let v(p) = -16*p + 4. Let c be v(5). Let y = -23 - c. Calculate the remainder when y is divided by 18.
17
Let q(d) = 26*d + 1. Calculate the remainder when q(1) is divided by 7.
6
Let z = -34 - -85. Calculate the remainder when 253 is divided by z.
49
Let r be (0/1)/(4/(-2)). Suppose 0 = 3*v - r*v - 93. Calculate the remainder when v is divided by 11.
9
Suppose 0 = -c - 2*c + 15. Suppose c = -2*g + 7*g. Calculate the remainder when 2 is divided by g.
0
Calculate the remainder when -1*2 - (5 + -45 + 4) is divided by 10.
4
Suppose 5*a = -5, -2*c + 3*c - 80 = -a. Suppose 5*m + c = k, 3*m - m = -5*k + 405. Calculate the remainder when k is divided by 21.
18
Suppose -g - 5*l = -4*g - 1, -5*g - l = -17. What is the remainder when g is divided by 2?
1
Suppose 12 = 3*g + 4*d, 4*d + 50 - 14 = 3*g. Let y(b) = g*b**2 + 1 + 14*b**2 + 9*b**2. What is the remainder when y(-1) is divided by 11?
10
Let c = 1 - -6. Let f(r) = r**3 - 7*r**2 + 5*r + 3. Let v be f(6). Let x = c - v. What is the remainder when 19 is divided by x?
9
Let b(t) = -t**3 + 9*t**2 + 11*t - 7. Calculate the remainder when 7 is divided by b(10).
1
Let i = 119 - 109. Calculate the remainder when 79 is divided by i.
9
Let t(i) = 2*i**2 + 2*i - 55. Let x = 6 + -2. Suppose 0*q + 32 = x*q. Calculate the remainder when t(-7) is divided by q.
5
Suppose 6 = 5*m - 2*m, 5*m = -2*z + 28. Let u be -1 - -2 - z*-1. Let k = -4 + u. What is the remainder when 10 is divided by k?
4
Let d be 30/4*(-20)/30. Let a = -3 - d. What is the remainder when a is divided by 2?
0
Let r(i) = -2*i - 7. Let l be r(-8). Calculate the remainder when (2 - -1)/l*51 is divided by 6.
5
Let d = 9 - -1. Calculate the remainder when d is divided by 6.
4
Let d be 1 + -3 - (0 + -4). Let c be ((-2)/d)/((-2)/134). Suppose -5*z + o = -116, 3*z + 0*o - c = -2*o. What is the remainder when z is divided by 6?
5
Let n = 8 - 6. Suppose 3*d - 5 = n*d. What is the remainder when 7 is divided by d?
2
Suppose -12*r = 7 - 115. What is the remainder when 24/5*(0 - -5) is divided by r?
6
Let g = 37 - 21. Calculate the remainder when 62 is divided by g.
14
Calculate the remainder when ((-22)/(-44))/((-2)/(-228)) is divided by 29.
28
Suppose -a + 3*a - 4*h = -6, -3*a + h = -1. Calculate the remainder when a/4 - (-9)/12 is divided by 1.
0
Let j(x) = x. Let q(c) = 6*c + 2. Suppose 5*z - 3 + 18 = 0. Let m(g) = z*j(g) + q(g). What is the remainder when m(6) is divided by 11?
9
Let c = -31 - -36. Calculate the remainder when 18 is divided by c.
3
Let c(p) = p**2 + p + 5. Let k be c(0). Suppose 6 = -a + k*w + 16, 4*w + 22 = -2*a. Let h(v) = -v - 3. Calculate the remainder when 3 is divided by h(a).
1
Suppose -2*j = -10, -x + 0*j + 2*j = 5. Suppose -84 = -2*k - 0*k. Suppose -3*s = -0*s - k. Calculate the remainder when s is divided by x.
4
Suppose 2*z - 3*x - 72 = x, -2*x = 4*z - 104. Let k be 5/2*(19 - 1). Suppose -k = 4*u - 7*u. Calculate the remainder when z is divided by u.
13
Let i be 2*(-1)/2 - 0. Let h(j) = -85*j + 2. Let r(p) = 42*p - 1. Let b(t) = 4*h(t) + 7*r(t). Calculate the remainder when b(i) is divided by 24.
23
Suppose -18 - 81 = -3*j. Let l(p) = p**3 + 9*p**2 + 8*p + 12. What is the remainder when j is divided by l(-8)?
9
Suppose 5*u - 5*j - 165 = 0, 0*u - u - 2*j = -18. What is the remainder when 136 is divided by u?
24
Let g(p) = -p**3 + 7*p**2 - 4*p + 10. Let f be g(7). Let w = -2 - f. Suppose 0 = 4*c - w. Calculate the remainder when c is divided by 2.
0
Suppose -3*o = 4*y - 53, 0 = -3*o + y - 6*y + 52. What is the remainder when o is divided by 11?
8
Suppose 5*g = 4*g + 28. Let b(m) = 12*m + 1. Let o be b(1). Let a = 2 + o. Calculate the remainder when g is divided by a.
13
Suppose -l = -5*g + 7, 5*l - 3*g - 19 = 56. Let j = -11 + l. Let p(b) = 2*b**2 + 6*b + 5. Calculate the remainder when p(-4) is divided by j.
6
Suppose 3*m = 2*u + 100, -4*u + 45 = -2*m + 125. Calculate the remainder when 117 is divided by m.
27
Suppose -5*y + 64 = r - 38, 5*r = 5*y - 90. What is the remainder when 79 is divided by y?
19
Suppose z = -14 + 18. Suppose -3*y = 3*d + y + 6, d - 5*y - 17 = 0. Calculate the remainder when z is divided by d.
0
Let i(u) = u**2 - 2*u + 2. Let h be i(3). Let k = 2 + h. Suppose 0 = -0*m + 4*m - 80. What is the remainder when m is divided by k?
6
Suppose 5*x - 3*h - 699 = 0, 3*x = -6*h + h + 433. What is the remainder when x is divided by 13?
11
Let y = 29 - 11. What is the remainder when 71 is divided by y?
17
Suppose 0*t + 180 = 3*t. Suppose -4*b = 3*p - 93, 4*p - b + 60 = 184. Calculate the remainder when t is divided by p.
29
What is the remainder when 61 is divided by ((-4)/(-2 - -4) - -2) + 31?
30
Suppose -16*k = -10*k - 144. Suppose 0*q + 2*q = 140. What is the remainder when q is divided by k?
22
Let s(c) = c**3 + 29. What is the remainder when 55 is divided by s(0)?
26
Let x be ((-3)/6)/((-1)/30). Suppose 2*m + 32 = -2*p, m - 4*p + x + 16 = 0. Let j = m + 36. What is the remainder when 32 is divided by j?
15
Suppose 13*h = 8*h + 15. Suppose -z + h*z = 8. Calculate the remainder when 9 is divided by z.
1
Let k = -10 - -22. Suppose 4*r + 7 = 5*r. What is the remainder when 20/(-6)*k/(-2) is divided by r?
6
Suppose -3*p + 3*m + 32 = -7, -2*m = -p + 17. What is the remainder when 3